o base 5
-20222413
-1010000110001011101110 (base 2) to base 6
-132421314
Convert -395551 (base 10) to base 5.
-100124201
What is 29a726 (base 12) in base 6?
23020450
78d4c (base 15) to base 8
1356564
Convert 3293293 (base 12) to base 3.
200011011022210
-483e (base 16) to base 10
-18494
What is -198b467 (base 12) in base 2?
-10100101001000011001111
Convert 36463243 (base 7) to base 2.
1100011011101110110011
ae73a (base 15) to base 12
22930a
130480 (base 9) to base 2
10011010100011000
Convert -255570 (base 8) to base 3.
-11112000112
130003103 (base 4) to base 12
565ab
2340524 (base 9) to base 5
311013300
Convert 36e0e (base 16) to base 12.
aa0ba
Convert 227482 (base 9) to base 6.
2532545
What is 20330121130 (base 4) in base 13?
641203
Convert 56b20 (base 15) to base 6.
5525120
Convert -51701117 (base 8) to base 5.
-10302242441
What is -23b656b (base 13) in base 6?
-1033453212
-6457b (base 16) to base 9
-685710
What is -96276 (base 15) in base 5?
-110221221
What is 9a3be (base 15) in base 2?
1110111101011110101
Convert -49881 (base 16) to base 11.
-196315
-1438474 (base 10) to base 11
-8a2824
Convert -2b96 (base 15) to base 6.
-111210
1d84a (base 16) to base 12
59b76
Convert -3131300 (base 4) to base 14.
-525a
10c463 (base 16) to base 15
16a8bb
What is 110314 (base 6) in base 8?
21746
134556 (base 14) to base 4
2202120100
-c8b53 (base 13) to base 6
-11433003
23220221020 (base 4) to base 16
2e8a48
What is -1612146 (base 7) in base 5?
-24043121
Convert 1001011111111010 (base 2) to base 15.
b7db
Convert -358c0 (base 13) to base 15.
-1e151
Convert 242611 (base 9) to base 14.
3b45a
1222222202002 (base 3) to base 16
103727
109e17 (base 15) to base 11
4a1809
What is -612605 (base 10) in base 15?
-c17a5
Convert 8aa02 (base 11) to base 13.
47bcc
1bb2cd (base 15) to base 3
2112210100211
Convert 7a8431 (base 11) to base 8.
4715505
What is -70496 (base 10) in base 13?
-2611a
Convert -562426 (base 8) to base 11.
-11a5a1
Convert 5827a2 (base 13) to base 2.
111111110011010100110
2c0aa (base 15) to base 7
1130506
212022 (base 5) to base 3
100210100
Convert 37455 (base 11) to base 16.
d218
-2312471 (base 8) to base 4
-2121110321
Convert -1635727 (base 12) to base 3.
-22120012121111
522045411 (base 6) to base 13
1b51997
858284 (base 9) to base 13
14b933
4360768 (base 9) to base 15
3142db
4076737 (base 8) to base 5
234041144
Convert 45b516 (base 13) to base 3.
10002222111112
Convert -c71b (base 16) to base 13.
-1a27b
Convert -3a6388 (base 11) to base 15.
-c908d
Convert 16374235 (base 8) to base 14.
70c793
-91729 (base 11) to base 12
-6564a
322468 (base 15) to base 9
4437458
11001111111111010001 (base 2) to base 16
cffd1
What is 24a3a (base 13) in base 4?
100201001
Convert 882646 (base 9) to base 6.
15143110
11000320 (base 4) to base 15
6141
Convert 10111011000110111010011 (base 2) to base 10.
6131155
Convert -3c5ad (base 15) to base 16.
-2f47f
Convert 40372 (base 10) to base 2.
1001110110110100
Convert 1212111033 (base 4) to base 6.
12552303
What is -325232 (base 8) in base 9?
-175724
Convert 96824 (base 12) to base 8.
603034
1323 (base 9) to base 3
1100210
Convert -456b4 (base 12) to base 5.
-10430314
Convert -333a8 (base 13) to base 11.
-638a2
What is 46072 (base 13) in base 15?
27bb4
What is 141012120 (base 5) in base 2?
10101111101100101100
What is 1451350 (base 6) in base 12?
40b56
Convert -1428486 (base 9) to base 14.
-166b3b
Convert 220088 (base 9) to base 16.
200e4
What is 97a2 (base 16) in base 2?
1001011110100010
9130a9 (base 12) to base 13
614271
Convert 578053 (base 12) to base 9.
2567740
Convert -123211213013 (base 4) to base 14.
-d63795
Convert 395d7b (base 16) to base 5.
1430300413
Convert bb9dd (base 14) to base 8.
1570077
What is -2101212122121 (base 3) in base 13?
-3592c3
-5386d (base 16) to base 14
-8c977
What is -15a0423 (base 13) in base 10?
-6969589
3874a6 (base 12) to base 13
26515b
Convert 3673304 (base 10) to base 5.
1420021204
-16852641 (base 9) to base 10
-8478793
What is 3230132120 (base 4) in base 12?
3a8648
Convert -5001766 (base 8) to base 9.
-2418322
Convert 1428a (base 15) to base 8.
176301
Convert 65365631 (base 8) to base 10.
14019481
What is 614519 (base 12) in base 4?
11303123211
What is -9a9a7a (base 11) in base 9?
-3022288
Convert -10001134 (base 5) to base 7.
-444156
Convert 23735 (base 12) to base 11.
32929
-1079b05 (base 12) to base 6
-151251205
Convert 29b3a (base 12) to base 14.
17538
461721 (base 9) to base 6
5533501
18b504 (base 14) to base 15
1249b5
Convert -1ca40 (base 13) to base 4.
-31311123
Convert 154050121 (base 6) to base 3.
20011020221211
What is a67d9 (base 15) in base 5?
113401104
-1aa42 (base 16) to base 15
-224ec
-16616162 (base 7) to base 9
-3061508
5ef62 (base 16) to base 13
108072
5245b (base 13) to base 4
210013233
-23502444 (base 7) to base 14
-3c3b94
Convert -1701170 (base 8) to base 5.
-111222102
What is 502615 (base 8) in base 10?
165261
What is 306686 (base 10) in base 3?
120120200202
Convert 909336 (base 10) to base 15.
12e676
566d9 (base 14) to base 7
1532662
What is -86 (base 14) in base 6?
-314
Convert 13874 (base 16) to base 13.
2a53c
Convert 5410400 (base 6) to base 13.
93cc0
What is -22ed1 (base 15) in base 4?
-123023302
1101000001000001100 (base 2) to base 15
8658d
Convert 315424 (base 10) to base 2.
1001101000000100000
Convert 281211 (base 9) to base 12.
832a7
Convert -45b93b4 (base 12) to base 7.
-222113155
What is -788173 (base 9) in base 10?
-471810
Convert 30482a3 (base 11) to base 7.
63523344
-11212202022022 (base 3) to base 6
-131325525
Convert 4065603 (base 8) to base 2.
100000110101110000011
Convert -284775 (base 13) to base 3.
-1211211212120
Convert 64962 (base 16) to base 3.
202221011100
Convert 480141 (base 9) to base 8.
1064042
Convert 57b35 (base 15) to base 14.
73ac3
-2a63 (base 12) to base 6
-35003
Convert 1101110000100100 (base 2) to base 4.
31300210
-1332490 (base 10) to base 13
-378673
What is -402234110 (base 5) in base 15?
-219bc0
Convert 13080ba (base 12) to base 16.
392a8e
What is -160825b (base 12) in base 6?
-240145355
Convert 1701740 (base 10) to base 3.
10012110100102
Convert 333aa (base 13) to base 9.
151415
What is -74d18 (base 14) in base 4?
-1010331122
Convert -61194 (base 13) to base 5.
-21030403
Convert -ad369 (base 14) to base 9.
-710746
Convert -216a551 (base 12) to base 5.
-3112111102
211003023013 (base 4) to base 15
cbcad7
What is -101100000110100100100 (base 2) in base 9?
-2642338
What is 10002141231 (base 5) in base 7?
146215163
What is 323133233 (base 4) in base 14?
64b4b
Convert -69324 (base 13) to base 3.
-100201221010
-4147884 (base 10) to base 6
-224523100
48daa (base 16) to base 2
1001000110110101010
10010101101001000 (base 2) to base 11
52621
Convert 82120 (base 11) to base 13.
42788
-165062560 (base 7) to base 2
-101011001001001001110011
111511 (base 6) to base 15
2c1a
Convert 5ae12 (base 15) to base 3.
112201212022
1a58 (base 13) to base 6
30200
What is 552336 (base 11) in base 6?
30521044
What is -2735837 (base 9) in base 6?
-52053311
1034054 (base 6) to base 16
c8f2
2482267 (base 9) to base 6
45001011
-10411b (base 16) to base 4
-10010010123
Convert 2737aa (base 16) to base 11.
14a5aa4
Convert 8b016 (base 14) to base 16.
5267c
-5138775 (base 9) to base 7
-32211230
Convert -101233233013 (base 4) to base 12.
-1684147
What is -a584 (base 13) in base 12?
-11323
-2a025 (base 11) to base 5
-2330434
What is 94f30 (base 16) in base 3?
1010222220011
What is -261a49 (base 12) in base 16?
-98a99
What is 166c7a (base 15) in base 12?
4446ba
-200201022220 (base 3) to base 12
-159229
What is -145123 (base 8) in base 9?
-78040
What is 5510435 (base 10) in base 9?
11327805
What is 4705075 (base 10) in base 12?
16aaa17
-43050245 (base 6) to base 9
-2340022
What is 1100011000111011000000 (base 2) in base 9?
6100135
Convert -16205 (base 12) to base 11.
-21653
Convert 111111011110010010 (base 2) to base 6.
5323350
Convert 22221111220 (base 3) to base 7.
1332210
10122022 (base 4) to base 15
553d
Convert 1455a (base 14) to base 3.
2120012121
What is -212313314 (base 5) in base 13?
-2571b2
-1014537 (base 10) to base 9
-1815613
Convert 124023530 (base 6) to base 11.
140a3a2
Convert 1816811 (base 9) to base 3.
1220120220101
Convert 280093 (base 11) to base 7.
35